{"id":494,"date":"2025-12-09T20:46:15","date_gmt":"2025-12-09T20:46:15","guid":{"rendered":"https:\/\/saffluidos.com.mx\/wordpress\/?page_id=494"},"modified":"2025-12-15T16:21:29","modified_gmt":"2025-12-15T16:21:29","slug":"productos","status":"publish","type":"page","link":"https:\/\/saffluidos.com.mx\/wordpress\/productos","title":{"rendered":"PRODUCTOS"},"content":{"rendered":"<!--themify_builder_content-->\n<div id=\"themify_builder_content-494\" data-postid=\"494\" class=\"themify_builder_content themify_builder_content-494 themify_builder tf_clear\">\n                    <div  data-css_id=\"1el7607\" data-lazy=\"1\" class=\"module_row themify_builder_row fullwidth tb_1el7607 tb_first tf_w\">\n                        <div class=\"row_inner col_align_top tb_col_count_1 tf_box tf_rel\">\n                        <div  data-lazy=\"1\" class=\"module_column tb-column col-full tb_8ss0607 first\">\n                            <div  data-lazy=\"1\" class=\"module_subrow themify_builder_sub_row tf_w col_align_middle gutter-none tb_col_count_4 tb_u747607\">\n                <div  data-lazy=\"1\" class=\"module_column sub_column col4-1 tb_jccx607 first\">\n                    <!-- module image -->\n<div  class=\"module module-image tb_gx2a608 image-top   auto_fullwidth tf_mw\" data-lazy=\"1\">\n        <div class=\"image-wrap tf_rel tf_mw\">\n            <img loading=\"lazy\" decoding=\"async\" src=\"https:\/\/saffluidos.com.mx\/wordpress\/wp-content\/uploads\/2025\/12\/Thumb_P-pintura-400x500.jpg\" width=\"400\" height=\"500\" class=\"wp-post-image wp-image-621\" title=\"Thumb_P-pintura\" alt=\"Thumb_P-pintura\">    \n        <\/div>\n    <!-- \/image-wrap -->\n    \n        <\/div>\n<!-- \/module image -->        <\/div>\n                    <div  data-lazy=\"1\" class=\"module_column sub_column col4-1 tb_vkji608\">\n                    <!-- module text -->\n<div  class=\"module module-text tb_p4fl74   \" data-lazy=\"1\">\n        <div  class=\"tb_text_wrap\">\n        <h4>PINTURA Y ACABADO<\/h4>\n<p>Equipos y refacciones para aplicar pinturas y acabados, de manera autom\u00e1tica o manual, tanto l\u00edquidos como en polvo. Tanques de presi\u00f3n, bombas, pistolas, aplicador, etc.<\/p>    <\/div>\n<\/div>\n<!-- \/module text --><!-- module buttons -->\n<div  class=\"module module-buttons tb_7a41610 buttons-horizontal solid   rounded\" data-lazy=\"1\">\n        <div class=\"module-buttons-item tf_in_flx\">\n                        <a href=\"https:\/\/saffluidos.com.mx\/wordpress\/pintura-y-acabado\" class=\"ui builder_button tf_in_flx black\" >\n                                                VER M\u00c1S                                        <\/a>\n                <\/div>\n            <\/div>\n<!-- \/module buttons -->\n        <\/div>\n                    <div  data-lazy=\"1\" class=\"module_column sub_column col4-1 tb_3da8608\">\n                    <!-- module image -->\n<div  class=\"module module-image tb_wf94608 image-top   auto_fullwidth tf_mw\" data-lazy=\"1\">\n        <div class=\"image-wrap tf_rel tf_mw\">\n            <img loading=\"lazy\" decoding=\"async\" src=\"https:\/\/saffluidos.com.mx\/wordpress\/wp-content\/uploads\/2025\/12\/Thumb_P-adhesivos-400x500.jpg\" width=\"400\" height=\"500\" class=\"wp-post-image wp-image-617\" title=\"Thumb_P-adhesivos\" alt=\"Thumb_P-adhesivos\">    \n        <\/div>\n    <!-- \/image-wrap -->\n    \n        <\/div>\n<!-- \/module image -->        <\/div>\n                    <div  data-lazy=\"1\" class=\"module_column sub_column col4-1 tb_3k6r608 last\">\n                    <!-- module text -->\n<div  class=\"module module-text tb_20tu608   \" data-lazy=\"1\">\n        <div  class=\"tb_text_wrap\">\n        <h4>Sellos y adhesivos<\/h4>\n<p>Equipos para controlar y dosificar el material, logrando una correcta aplicaci\u00f3n de sellos y adhesivos, compatibles con todos los materiales y componentes, icluso materiales abrasivos y\/o corrosivos.<\/p>    <\/div>\n<\/div>\n<!-- \/module text --><!-- module buttons -->\n<div  class=\"module module-buttons tb_pfyi887 buttons-horizontal solid   rounded\" data-lazy=\"1\">\n        <div class=\"module-buttons-item tf_in_flx\">\n                        <a href=\"https:\/\/saffluidos.com.mx\/wordpress\/pintura-y-acabado#ADHESIVOS\" class=\"ui builder_button tf_in_flx black\" >\n                                                VER M\u00c1S                                        <\/a>\n                <\/div>\n            <\/div>\n<!-- \/module buttons -->\n        <\/div>\n                    <\/div>\n                <div  data-lazy=\"1\" class=\"module_subrow themify_builder_sub_row tf_w col_align_middle gutter-none tb_col_count_4 tb_k6up608\">\n                <div  data-lazy=\"1\" class=\"module_column sub_column col4-1 tb_l0yc608 first\">\n                    <!-- module text -->\n<div  class=\"module module-text tb_a8l6689   \" data-lazy=\"1\">\n        <div  class=\"tb_text_wrap\">\n        <h4>LUBRICACI\u00d3N<\/h4>\n<p>Equipos de alta tecnolog\u00eda para Control, trasvase y aplicaci\u00f3n de lubricantes, desde el aceite m\u00e1s ligero a la grasa m\u00e1s viscosa.<\/p>    <\/div>\n<\/div>\n<!-- \/module text --><!-- module buttons -->\n<div  class=\"module module-buttons tb_5tmh964 buttons-horizontal solid   rounded\" data-lazy=\"1\">\n        <div class=\"module-buttons-item tf_in_flx\">\n                        <a href=\"https:\/\/saffluidos.com.mx\/wordpress\/pintura-y-acabado#LUBRICACION\" class=\"ui builder_button tf_in_flx black\" >\n                                                VER M\u00c1S                                        <\/a>\n                <\/div>\n            <\/div>\n<!-- \/module buttons -->\n        <\/div>\n                    <div  data-lazy=\"1\" class=\"module_column sub_column col4-1 tb_4odh608\">\n                    <!-- module image -->\n<div  class=\"module module-image tb_c2nb608 image-top   auto_fullwidth tf_mw\" data-lazy=\"1\">\n        <div class=\"image-wrap tf_rel tf_mw\">\n            <img loading=\"lazy\" decoding=\"async\" src=\"https:\/\/saffluidos.com.mx\/wordpress\/wp-content\/uploads\/2025\/12\/Thumb_P-Lubricantes-400x500.jpg\" width=\"400\" height=\"500\" class=\"wp-post-image wp-image-620\" title=\"Thumb_P-Lubricantes\" alt=\"Thumb_P-Lubricantes\">    \n        <\/div>\n    <!-- \/image-wrap -->\n    \n        <\/div>\n<!-- \/module image -->        <\/div>\n                    <div  data-lazy=\"1\" class=\"module_column sub_column col4-1 tb_7891608\">\n                    <!-- module text -->\n<div  class=\"module module-text tb_p1st419   \" data-lazy=\"1\">\n        <div  class=\"tb_text_wrap\">\n        <h4>COMBUSTIBLES<\/h4>\n<p>Contamos con equipos para control, trasvasa y aplicaci\u00f3n de combustible, auxili\u00e1ndole a controlar el combustible, aplicado a las flotillas y veh\u00edculos a trasvasarlos, y aplicarlos de forma segura.<\/p>    <\/div>\n<\/div>\n<!-- \/module text --><!-- module buttons -->\n<div  class=\"module module-buttons tb_rz9m635 buttons-horizontal solid   rounded\" data-lazy=\"1\">\n        <div class=\"module-buttons-item tf_in_flx\">\n                        <a href=\"https:\/\/saffluidos.com.mx\/wordpress\/pintura-y-acabado#COMBUSTIBLES\" class=\"ui builder_button tf_in_flx black\" >\n                                                VER M\u00c1S                                        <\/a>\n                <\/div>\n            <\/div>\n<!-- \/module buttons -->\n        <\/div>\n                    <div  data-lazy=\"1\" class=\"module_column sub_column col4-1 tb_v6kn609 last\">\n                    <!-- module image -->\n<div  class=\"module module-image tb_1m49609 image-top   auto_fullwidth tf_mw\" data-lazy=\"1\">\n        <div class=\"image-wrap tf_rel tf_mw\">\n            <img loading=\"lazy\" decoding=\"async\" src=\"https:\/\/saffluidos.com.mx\/wordpress\/wp-content\/uploads\/2025\/12\/Thumb_P-Combustibles-400x500.jpg\" width=\"400\" height=\"500\" class=\"wp-post-image wp-image-619\" title=\"Thumb_P-Combustibles\" alt=\"Thumb_P-Combustibles\">    \n        <\/div>\n    <!-- \/image-wrap -->\n    \n        <\/div>\n<!-- \/module image -->        <\/div>\n                    <\/div>\n                <\/div>\n                        <\/div>\n        <\/div>\n                        <div  data-css_id=\"arpi306\" data-lazy=\"1\" class=\"module_row themify_builder_row fullwidth tb_arpi306 tf_w\">\n                        <div class=\"row_inner col_align_top tb_col_count_1 tf_box tf_rel\">\n                        <div  data-lazy=\"1\" class=\"module_column tb-column col-full tb_xnxq306 first\">\n                            <div  data-lazy=\"1\" class=\"module_subrow themify_builder_sub_row tf_w col_align_middle gutter-none tb_col_count_4 tb_yfv7306\">\n                <div  data-lazy=\"1\" class=\"module_column sub_column col4-1 tb_tdyy306 first\">\n                    <!-- module image -->\n<div  class=\"module module-image tb_xfbk306 image-top   auto_fullwidth tf_mw\" data-lazy=\"1\">\n        <div class=\"image-wrap tf_rel tf_mw\">\n            <img loading=\"lazy\" decoding=\"async\" src=\"https:\/\/saffluidos.com.mx\/wordpress\/wp-content\/uploads\/2025\/12\/Thumb_P-Trasvase-400x500.jpg\" width=\"400\" height=\"500\" class=\"wp-post-image wp-image-624\" title=\"Thumb_P-Trasvase\" alt=\"Thumb_P-Trasvase\">    \n        <\/div>\n    <!-- \/image-wrap -->\n    \n        <\/div>\n<!-- \/module image -->        <\/div>\n                    <div  data-lazy=\"1\" class=\"module_column sub_column col4-1 tb_eewn306\">\n                    <!-- module text -->\n<div  class=\"module module-text tb_8t4p306   \" data-lazy=\"1\">\n        <div  class=\"tb_text_wrap\">\n        <h4>Equipos de trasvase<\/h4>\n<p>Bombas de trasvase de material para todo tipo de aplicaciones y compatibles con todo tipo de materiales, incluso grado sanitario y alimenticio.<\/p>    <\/div>\n<\/div>\n<!-- \/module text --><!-- module buttons -->\n<div  class=\"module module-buttons tb_7v5j306 buttons-horizontal solid   rounded\" data-lazy=\"1\">\n        <div class=\"module-buttons-item tf_in_flx\">\n                        <a href=\"https:\/\/saffluidos.com.mx\/wordpress\/pintura-y-acabado#TRASVASE\" class=\"ui builder_button tf_in_flx black\" >\n                                                VER M\u00c1S                                        <\/a>\n                <\/div>\n            <\/div>\n<!-- \/module buttons -->\n        <\/div>\n                    <div  data-lazy=\"1\" class=\"module_column sub_column col4-1 tb_fi4e306\">\n                    <!-- module image -->\n<div  class=\"module module-image tb_mp6v306 image-top   auto_fullwidth tf_mw\" data-lazy=\"1\">\n        <div class=\"image-wrap tf_rel tf_mw\">\n            <img loading=\"lazy\" decoding=\"async\" src=\"https:\/\/saffluidos.com.mx\/wordpress\/wp-content\/uploads\/2025\/12\/Thumb_P-Aire-400x500.jpg\" width=\"400\" height=\"500\" class=\"wp-post-image wp-image-618\" title=\"Thumb_P-Aire\" alt=\"Thumb_P-Aire\">    \n        <\/div>\n    <!-- \/image-wrap -->\n    \n        <\/div>\n<!-- \/module image -->        <\/div>\n                    <div  data-lazy=\"1\" class=\"module_column sub_column col4-1 tb_xr1q306 last\">\n                    <!-- module text -->\n<div  class=\"module module-text tb_xj7f306   \" data-lazy=\"1\">\n        <div  class=\"tb_text_wrap\">\n        <h4>Aire comprimido, ionizado<\/h4>\n<p>Manejamos productos operados por aire comprimido de alta tecnolog\u00eda para resolver problemas en plantas industriales.<\/p>    <\/div>\n<\/div>\n<!-- \/module text --><!-- module buttons -->\n<div  class=\"module module-buttons tb_d9dl306 buttons-horizontal solid   rounded\" data-lazy=\"1\">\n        <div class=\"module-buttons-item tf_in_flx\">\n                        <a href=\"https:\/\/saffluidos.com.mx\/wordpress\/pintura-y-acabado#AIRE\" class=\"ui builder_button tf_in_flx black\" >\n                                                VER M\u00c1S                                        <\/a>\n                <\/div>\n            <\/div>\n<!-- \/module buttons -->\n        <\/div>\n                    <\/div>\n                <div  data-lazy=\"1\" class=\"module_subrow themify_builder_sub_row tf_w col_align_middle gutter-none tb_col_count_4 tb_c1x1306\">\n                <div  data-lazy=\"1\" class=\"module_column sub_column col4-1 tb_1u4g306 first\">\n                    <!-- module text -->\n<div  class=\"module module-text tb_d3zr306   \" data-lazy=\"1\">\n        <div  class=\"tb_text_wrap\">\n        <h4>Sanitizaci\u00f3n<\/h4>\n<p>Equipos dise\u00f1ados para aplicar Sanity antes y desinfectantes, que pueden ser altamente corrosivos y o abrasivos de manera \u00f3ptima y segura para los usuarios<\/p>    <\/div>\n<\/div>\n<!-- \/module text --><!-- module buttons -->\n<div  class=\"module module-buttons tb_lcwf306 buttons-horizontal solid   rounded\" data-lazy=\"1\">\n        <div class=\"module-buttons-item tf_in_flx\">\n                        <a href=\"https:\/\/saffluidos.com.mx\/wordpress\/pintura-y-acabado#SANITIZACION\" class=\"ui builder_button tf_in_flx black\" >\n                                                VER M\u00c1S                                        <\/a>\n                <\/div>\n            <\/div>\n<!-- \/module buttons -->\n        <\/div>\n                    <div  data-lazy=\"1\" class=\"module_column sub_column col4-1 tb_tc18306\">\n                    <!-- module image -->\n<div  class=\"module module-image tb_mgtb306 image-top   auto_fullwidth tf_mw\" data-lazy=\"1\">\n        <div class=\"image-wrap tf_rel tf_mw\">\n            <img loading=\"lazy\" decoding=\"async\" src=\"https:\/\/saffluidos.com.mx\/wordpress\/wp-content\/uploads\/2025\/12\/Thumb_P-Sanitizantes-400x500.jpg\" width=\"400\" height=\"500\" class=\"wp-post-image wp-image-623\" title=\"Thumb_P-Sanitizantes\" alt=\"Thumb_P-Sanitizantes\">    \n        <\/div>\n    <!-- \/image-wrap -->\n    \n        <\/div>\n<!-- \/module image -->        <\/div>\n                    <div  data-lazy=\"1\" class=\"module_column sub_column col4-1 tb_xasm306\">\n                    <!-- module text -->\n<div  class=\"module module-text tb_yvfr306   \" data-lazy=\"1\">\n        <div  class=\"tb_text_wrap\">\n        <h4>Removedor de pintura<\/h4>\n<p>Venta de removedor, 040 dise\u00f1ado para la remoci\u00f3n de pintura y barnices, tanto l\u00edquidas como polvos de baja y alta, temperatura, convencional y electrost\u00e1tica..<\/p>    <\/div>\n<\/div>\n<!-- \/module text --><!-- module buttons -->\n<div  class=\"module module-buttons tb_4ee4306 buttons-horizontal solid   rounded\" data-lazy=\"1\">\n        <div class=\"module-buttons-item tf_in_flx\">\n                        <a href=\"https:\/\/saffluidos.com.mx\/wordpress\/pintura-y-acabado#REMOVEDOR\" class=\"ui builder_button tf_in_flx black\" >\n                                                VER M\u00c1S                                        <\/a>\n                <\/div>\n            <\/div>\n<!-- \/module buttons -->\n        <\/div>\n                    <div  data-lazy=\"1\" class=\"module_column sub_column col4-1 tb_m6l5306 last\">\n                    <!-- module image -->\n<div  class=\"module module-image tb_9g3u306 image-top   auto_fullwidth tf_mw\" data-lazy=\"1\">\n        <div class=\"image-wrap tf_rel tf_mw\">\n            <img loading=\"lazy\" decoding=\"async\" src=\"https:\/\/saffluidos.com.mx\/wordpress\/wp-content\/uploads\/2025\/12\/Thumb_P-Removedor-400x500.jpg\" width=\"400\" height=\"500\" class=\"wp-post-image wp-image-622\" title=\"Thumb_P-Removedor\" alt=\"Thumb_P-Removedor\">    \n        <\/div>\n    <!-- \/image-wrap -->\n    \n        <\/div>\n<!-- \/module image -->        <\/div>\n                    <\/div>\n                <\/div>\n                        <\/div>\n        <\/div>\n        <\/div>\n<!--\/themify_builder_content-->","protected":false},"excerpt":{"rendered":"<p>PINTURA Y ACABADO Equipos y refacciones para aplicar pinturas y acabados, de manera autom\u00e1tica o manual, tanto l\u00edquidos como en polvo. Tanques de presi\u00f3n, bombas, pistolas, aplicador, etc.<\/p>\n","protected":false},"author":2,"featured_media":0,"parent":0,"menu_order":0,"comment_status":"closed","ping_status":"closed","template":"","meta":{"footnotes":""},"class_list":["post-494","page","type-page","status-publish","hentry","has-post-title","has-post-date","has-post-category","has-post-tag","has-post-comment","has-post-author",""],"builder_content":"<img src=\"https:\/\/saffluidos.com.mx\/wordpress\/wp-content\/uploads\/2025\/12\/Thumb_P-pintura-400x500.jpg\" width=\"400\" height=\"500\" title=\"Thumb_P-pintura\" alt=\"Thumb_P-pintura\">\n<h4>PINTURA Y ACABADO<\/h4> <p>Equipos y refacciones para aplicar pinturas y acabados, de manera autom\u00e1tica o manual, tanto l\u00edquidos como en polvo. Tanques de presi\u00f3n, bombas, pistolas, aplicador, etc.<\/p>\n<a href=\"https:\/\/saffluidos.com.mx\/wordpress\/pintura-y-acabado\" > VER M\u00c1S <\/a>\n<img src=\"https:\/\/saffluidos.com.mx\/wordpress\/wp-content\/uploads\/2025\/12\/Thumb_P-adhesivos-400x500.jpg\" width=\"400\" height=\"500\" title=\"Thumb_P-adhesivos\" alt=\"Thumb_P-adhesivos\">\n<h4>Sellos y adhesivos<\/h4> <p>Equipos para controlar y dosificar el material, logrando una correcta aplicaci\u00f3n de sellos y adhesivos, compatibles con todos los materiales y componentes, icluso materiales abrasivos y\/o corrosivos.<\/p>\n<a href=\"https:\/\/saffluidos.com.mx\/wordpress\/pintura-y-acabado#ADHESIVOS\" > VER M\u00c1S <\/a>\n<h4>LUBRICACI\u00d3N<\/h4> <p>Equipos de alta tecnolog\u00eda para Control, trasvase y aplicaci\u00f3n de lubricantes, desde el aceite m\u00e1s ligero a la grasa m\u00e1s viscosa.<\/p>\n<a href=\"https:\/\/saffluidos.com.mx\/wordpress\/pintura-y-acabado#LUBRICACION\" > VER M\u00c1S <\/a>\n<img src=\"https:\/\/saffluidos.com.mx\/wordpress\/wp-content\/uploads\/2025\/12\/Thumb_P-Lubricantes-400x500.jpg\" width=\"400\" height=\"500\" title=\"Thumb_P-Lubricantes\" alt=\"Thumb_P-Lubricantes\">\n<h4>COMBUSTIBLES<\/h4> <p>Contamos con equipos para control, trasvasa y aplicaci\u00f3n de combustible, auxili\u00e1ndole a controlar el combustible, aplicado a las flotillas y veh\u00edculos a trasvasarlos, y aplicarlos de forma segura.<\/p>\n<a href=\"https:\/\/saffluidos.com.mx\/wordpress\/pintura-y-acabado#COMBUSTIBLES\" > VER M\u00c1S <\/a>\n<img src=\"https:\/\/saffluidos.com.mx\/wordpress\/wp-content\/uploads\/2025\/12\/Thumb_P-Combustibles-400x500.jpg\" width=\"400\" height=\"500\" title=\"Thumb_P-Combustibles\" alt=\"Thumb_P-Combustibles\">\n<img src=\"https:\/\/saffluidos.com.mx\/wordpress\/wp-content\/uploads\/2025\/12\/Thumb_P-Trasvase-400x500.jpg\" width=\"400\" height=\"500\" title=\"Thumb_P-Trasvase\" alt=\"Thumb_P-Trasvase\">\n<h4>Equipos de trasvase<\/h4> <p>Bombas de trasvase de material para todo tipo de aplicaciones y compatibles con todo tipo de materiales, incluso grado sanitario y alimenticio.<\/p>\n<a href=\"https:\/\/saffluidos.com.mx\/wordpress\/pintura-y-acabado#TRASVASE\" > VER M\u00c1S <\/a>\n<img src=\"https:\/\/saffluidos.com.mx\/wordpress\/wp-content\/uploads\/2025\/12\/Thumb_P-Aire-400x500.jpg\" width=\"400\" height=\"500\" title=\"Thumb_P-Aire\" alt=\"Thumb_P-Aire\">\n<h4>Aire comprimido, ionizado<\/h4> <p>Manejamos productos operados por aire comprimido de alta tecnolog\u00eda para resolver problemas en plantas industriales.<\/p>\n<a href=\"https:\/\/saffluidos.com.mx\/wordpress\/pintura-y-acabado#AIRE\" > VER M\u00c1S <\/a>\n<h4>Sanitizaci\u00f3n<\/h4> <p>Equipos dise\u00f1ados para aplicar Sanity antes y desinfectantes, que pueden ser altamente corrosivos y o abrasivos de manera \u00f3ptima y segura para los usuarios<\/p>\n<a href=\"https:\/\/saffluidos.com.mx\/wordpress\/pintura-y-acabado#SANITIZACION\" > VER M\u00c1S <\/a>\n<img src=\"https:\/\/saffluidos.com.mx\/wordpress\/wp-content\/uploads\/2025\/12\/Thumb_P-Sanitizantes-400x500.jpg\" width=\"400\" height=\"500\" title=\"Thumb_P-Sanitizantes\" alt=\"Thumb_P-Sanitizantes\">\n<h4>Removedor de pintura<\/h4> <p>Venta de removedor, 040 dise\u00f1ado para la remoci\u00f3n de pintura y barnices, tanto l\u00edquidas como polvos de baja y alta, temperatura, convencional y electrost\u00e1tica..<\/p>\n<a href=\"https:\/\/saffluidos.com.mx\/wordpress\/pintura-y-acabado#REMOVEDOR\" > VER M\u00c1S <\/a>\n<img src=\"https:\/\/saffluidos.com.mx\/wordpress\/wp-content\/uploads\/2025\/12\/Thumb_P-Removedor-400x500.jpg\" width=\"400\" height=\"500\" title=\"Thumb_P-Removedor\" alt=\"Thumb_P-Removedor\">","_links":{"self":[{"href":"https:\/\/saffluidos.com.mx\/wordpress\/wp-json\/wp\/v2\/pages\/494","targetHints":{"allow":["GET"]}}],"collection":[{"href":"https:\/\/saffluidos.com.mx\/wordpress\/wp-json\/wp\/v2\/pages"}],"about":[{"href":"https:\/\/saffluidos.com.mx\/wordpress\/wp-json\/wp\/v2\/types\/page"}],"author":[{"embeddable":true,"href":"https:\/\/saffluidos.com.mx\/wordpress\/wp-json\/wp\/v2\/users\/2"}],"replies":[{"embeddable":true,"href":"https:\/\/saffluidos.com.mx\/wordpress\/wp-json\/wp\/v2\/comments?post=494"}],"version-history":[{"count":48,"href":"https:\/\/saffluidos.com.mx\/wordpress\/wp-json\/wp\/v2\/pages\/494\/revisions"}],"predecessor-version":[{"id":1133,"href":"https:\/\/saffluidos.com.mx\/wordpress\/wp-json\/wp\/v2\/pages\/494\/revisions\/1133"}],"wp:attachment":[{"href":"https:\/\/saffluidos.com.mx\/wordpress\/wp-json\/wp\/v2\/media?parent=494"}],"curies":[{"name":"wp","href":"https:\/\/api.w.org\/{rel}","templated":true}]}}