{"id":492,"date":"2025-12-09T20:45:44","date_gmt":"2025-12-09T20:45:44","guid":{"rendered":"https:\/\/saffluidos.com.mx\/wordpress\/?page_id=492"},"modified":"2025-12-15T16:20:42","modified_gmt":"2025-12-15T16:20:42","slug":"servicios","status":"publish","type":"page","link":"https:\/\/saffluidos.com.mx\/wordpress\/servicios","title":{"rendered":"SERVICIOS"},"content":{"rendered":"<!--themify_builder_content-->\n<div id=\"themify_builder_content-492\" data-postid=\"492\" class=\"themify_builder_content themify_builder_content-492 themify_builder tf_clear\">\n                    <div  data-css_id=\"39af235\" data-lazy=\"1\" class=\"module_row themify_builder_row fullwidth tb_39af235 tb_first tf_w\">\n                        <div class=\"row_inner col_align_top tb_col_count_1 tf_box tf_rel\">\n                        <div  data-lazy=\"1\" class=\"module_column tb-column col-full tb_jl0m235 first\">\n                            <div  data-lazy=\"1\" class=\"module_subrow themify_builder_sub_row tf_w col_align_middle gutter-none tb_col_count_4 tb_p15y235\">\n                <div  data-lazy=\"1\" class=\"module_column sub_column col4-1 tb_802k235 first\">\n                    <!-- module image -->\n<div  class=\"module module-image tb_ad9l235 image-top   auto_fullwidth tf_mw\" data-lazy=\"1\">\n        <div class=\"image-wrap tf_rel tf_mw\">\n            <img loading=\"lazy\" decoding=\"async\" src=\"https:\/\/saffluidos.com.mx\/wordpress\/wp-content\/uploads\/2025\/12\/Thumb_S-inge-400x500.jpg\" width=\"400\" height=\"500\" class=\"wp-post-image wp-image-625\" title=\"Thumb_S-inge\" alt=\"Thumb_S-inge\">    \n        <\/div>\n    <!-- \/image-wrap -->\n    \n        <\/div>\n<!-- \/module image -->        <\/div>\n                    <div  data-lazy=\"1\" class=\"module_column sub_column col4-1 tb_uybd235\">\n                    <!-- module text -->\n<div  class=\"module module-text tb_b7r4235   \" data-lazy=\"1\">\n        <div  class=\"tb_text_wrap\">\n        <h4>Ingenier\u00eda<\/h4>\n<p>Asesor\u00eda, reparaciones, servicio y soporte t\u00e9cnico.<\/p>    <\/div>\n<\/div>\n<!-- \/module text --><!-- module buttons -->\n<div  class=\"module module-buttons tb_xsjg235 buttons-horizontal solid   rounded\" data-lazy=\"1\">\n        <div class=\"module-buttons-item tf_in_flx\">\n                        <a href=\"https:\/\/saffluidos.com.mx\/wordpress\/ingenieria\" class=\"ui builder_button tf_in_flx black\" >\n                                                VER M\u00c1S                                        <\/a>\n                <\/div>\n            <\/div>\n<!-- \/module buttons -->\n        <\/div>\n                    <div  data-lazy=\"1\" class=\"module_column sub_column col4-1 tb_96r8235\">\n                    <!-- module image -->\n<div  class=\"module module-image tb_ir9a235 image-top   auto_fullwidth tf_mw\" data-lazy=\"1\">\n        <div class=\"image-wrap tf_rel tf_mw\">\n            <img loading=\"lazy\" decoding=\"async\" src=\"https:\/\/saffluidos.com.mx\/wordpress\/wp-content\/uploads\/2025\/12\/Thumb_S-pintu-400x500.jpg\" width=\"400\" height=\"500\" class=\"wp-post-image wp-image-626\" title=\"Thumb_S-pintu\" alt=\"Thumb_S-pintu\">    \n        <\/div>\n    <!-- \/image-wrap -->\n    \n        <\/div>\n<!-- \/module image -->        <\/div>\n                    <div  data-lazy=\"1\" class=\"module_column sub_column col4-1 tb_ajuv235 last\">\n                    <!-- module text -->\n<div  class=\"module module-text tb_xyzd235   \" data-lazy=\"1\">\n        <div  class=\"tb_text_wrap\">\n        <h4>CURSOS DE PINTURA<\/h4>\n<p>Cursos de t\u00e9cnicas correctas para aplicaci\u00f3n adecuada de pintura<\/p>    <\/div>\n<\/div>\n<!-- \/module text --><!-- module buttons -->\n<div  class=\"module module-buttons tb_yq4t235 buttons-horizontal solid   rounded\" data-lazy=\"1\">\n        <div class=\"module-buttons-item tf_in_flx\">\n                        <a href=\"https:\/\/saffluidos.com.mx\/wordpress\/ingenieria#PINTURA\" class=\"ui builder_button tf_in_flx black\" >\n                                                VER M\u00c1S                                        <\/a>\n                <\/div>\n            <\/div>\n<!-- \/module buttons -->\n        <\/div>\n                    <\/div>\n                <div  data-lazy=\"1\" class=\"module_subrow themify_builder_sub_row tf_w col_align_middle gutter-none tb_col_count_4 tb_s41a235\">\n                <div  data-lazy=\"1\" class=\"module_column sub_column col4-1 tb_20wp235 first\">\n                    <!-- module text -->\n<div  class=\"module module-text tb_up7f235   \" data-lazy=\"1\">\n        <div  class=\"tb_text_wrap\">\n        <h4>LIMPIEZA DE DUCTOS<\/h4>\n<p>Limpieza de ductos y sistemas de extracci\u00f3n de<\/p>    <\/div>\n<\/div>\n<!-- \/module text --><!-- module buttons -->\n<div  class=\"module module-buttons tb_85s5235 buttons-horizontal solid   rounded\" data-lazy=\"1\">\n        <div class=\"module-buttons-item tf_in_flx\">\n                        <a href=\"https:\/\/saffluidos.com.mx\/wordpress\/ingenieria#DUCTOS\" class=\"ui builder_button tf_in_flx black\" >\n                                                VER M\u00c1S                                        <\/a>\n                <\/div>\n            <\/div>\n<!-- \/module buttons -->\n        <\/div>\n                    <div  data-lazy=\"1\" class=\"module_column sub_column col4-1 tb_kj6k235\">\n                    <!-- module image -->\n<div  class=\"module module-image tb_j0do235 image-top   auto_fullwidth tf_mw\" data-lazy=\"1\">\n        <div class=\"image-wrap tf_rel tf_mw\">\n            <img loading=\"lazy\" decoding=\"async\" src=\"https:\/\/saffluidos.com.mx\/wordpress\/wp-content\/uploads\/2025\/12\/Thumb_S-ductos-400x500.jpg\" width=\"400\" height=\"500\" class=\"wp-post-image wp-image-799\" title=\"Thumb_S-ductos\" alt=\"Thumb_S-ductos\">    \n        <\/div>\n    <!-- \/image-wrap -->\n    \n        <\/div>\n<!-- \/module image -->        <\/div>\n                    <div  data-lazy=\"1\" class=\"module_column sub_column col4-1 tb_loee235\">\n                    <!-- module text -->\n<div  class=\"module module-text tb_6xld235   \" data-lazy=\"1\">\n        <div  class=\"tb_text_wrap\">\n        <h4>FABRICACI\u00d3N<\/h4>\n<p>Cabinas de pintura; hornos de secado, calentamiento y curado; conveyors y RACKS<\/p>    <\/div>\n<\/div>\n<!-- \/module text --><!-- module buttons -->\n<div  class=\"module module-buttons tb_mrje235 buttons-horizontal solid   rounded\" data-lazy=\"1\">\n        <div class=\"module-buttons-item tf_in_flx\">\n                        <a href=\"https:\/\/saffluidos.com.mx\/wordpress\/ingenieria#FABRICACION\" class=\"ui builder_button tf_in_flx black\" >\n                                                VER M\u00c1S                                        <\/a>\n                <\/div>\n            <\/div>\n<!-- \/module buttons -->\n        <\/div>\n                    <div  data-lazy=\"1\" class=\"module_column sub_column col4-1 tb_k4pc235 last\">\n                    <!-- module image -->\n<div  class=\"module module-image tb_9du2235 image-top   auto_fullwidth tf_mw\" data-lazy=\"1\">\n        <div class=\"image-wrap tf_rel tf_mw\">\n            <img loading=\"lazy\" decoding=\"async\" src=\"https:\/\/saffluidos.com.mx\/wordpress\/wp-content\/uploads\/2025\/12\/Thumb_S-fabricacion-400x500.jpg\" width=\"400\" height=\"500\" class=\"wp-post-image wp-image-936\" title=\"Thumb_S-fabricacion\" alt=\"Thumb_S-fabricacion\">    \n        <\/div>\n    <!-- \/image-wrap -->\n    \n        <\/div>\n<!-- \/module image -->        <\/div>\n                    <\/div>\n                <\/div>\n                        <\/div>\n        <\/div>\n        <\/div>\n<!--\/themify_builder_content-->","protected":false},"excerpt":{"rendered":"<p>Ingenier\u00eda Asesor\u00eda, reparaciones, servicio y soporte t\u00e9cnico.<\/p>\n","protected":false},"author":2,"featured_media":0,"parent":0,"menu_order":0,"comment_status":"closed","ping_status":"closed","template":"","meta":{"footnotes":""},"class_list":["post-492","page","type-page","status-publish","hentry","has-post-title","has-post-date","has-post-category","has-post-tag","has-post-comment","has-post-author",""],"builder_content":"<img src=\"https:\/\/saffluidos.com.mx\/wordpress\/wp-content\/uploads\/2025\/12\/Thumb_S-inge-400x500.jpg\" width=\"400\" height=\"500\" title=\"Thumb_S-inge\" alt=\"Thumb_S-inge\">\n<h4>Ingenier\u00eda<\/h4> <p>Asesor\u00eda, reparaciones, servicio y soporte t\u00e9cnico.<\/p>\n<a href=\"https:\/\/saffluidos.com.mx\/wordpress\/ingenieria\" > VER M\u00c1S <\/a>\n<img src=\"https:\/\/saffluidos.com.mx\/wordpress\/wp-content\/uploads\/2025\/12\/Thumb_S-pintu-400x500.jpg\" width=\"400\" height=\"500\" title=\"Thumb_S-pintu\" alt=\"Thumb_S-pintu\">\n<h4>CURSOS DE PINTURA<\/h4> <p>Cursos de t\u00e9cnicas correctas para aplicaci\u00f3n adecuada de pintura<\/p>\n<a href=\"https:\/\/saffluidos.com.mx\/wordpress\/ingenieria#PINTURA\" > VER M\u00c1S <\/a>\n<h4>LIMPIEZA DE DUCTOS<\/h4> <p>Limpieza de ductos y sistemas de extracci\u00f3n de<\/p>\n<a href=\"https:\/\/saffluidos.com.mx\/wordpress\/ingenieria#DUCTOS\" > VER M\u00c1S <\/a>\n<img src=\"https:\/\/saffluidos.com.mx\/wordpress\/wp-content\/uploads\/2025\/12\/Thumb_S-ductos-400x500.jpg\" width=\"400\" height=\"500\" title=\"Thumb_S-ductos\" alt=\"Thumb_S-ductos\">\n<h4>FABRICACI\u00d3N<\/h4> <p>Cabinas de pintura; hornos de secado, calentamiento y curado; conveyors y RACKS<\/p>\n<a href=\"https:\/\/saffluidos.com.mx\/wordpress\/ingenieria#FABRICACION\" > VER M\u00c1S <\/a>\n<img src=\"https:\/\/saffluidos.com.mx\/wordpress\/wp-content\/uploads\/2025\/12\/Thumb_S-fabricacion-400x500.jpg\" width=\"400\" height=\"500\" title=\"Thumb_S-fabricacion\" alt=\"Thumb_S-fabricacion\">","_links":{"self":[{"href":"https:\/\/saffluidos.com.mx\/wordpress\/wp-json\/wp\/v2\/pages\/492","targetHints":{"allow":["GET"]}}],"collection":[{"href":"https:\/\/saffluidos.com.mx\/wordpress\/wp-json\/wp\/v2\/pages"}],"about":[{"href":"https:\/\/saffluidos.com.mx\/wordpress\/wp-json\/wp\/v2\/types\/page"}],"author":[{"embeddable":true,"href":"https:\/\/saffluidos.com.mx\/wordpress\/wp-json\/wp\/v2\/users\/2"}],"replies":[{"embeddable":true,"href":"https:\/\/saffluidos.com.mx\/wordpress\/wp-json\/wp\/v2\/comments?post=492"}],"version-history":[{"count":19,"href":"https:\/\/saffluidos.com.mx\/wordpress\/wp-json\/wp\/v2\/pages\/492\/revisions"}],"predecessor-version":[{"id":1130,"href":"https:\/\/saffluidos.com.mx\/wordpress\/wp-json\/wp\/v2\/pages\/492\/revisions\/1130"}],"wp:attachment":[{"href":"https:\/\/saffluidos.com.mx\/wordpress\/wp-json\/wp\/v2\/media?parent=492"}],"curies":[{"name":"wp","href":"https:\/\/api.w.org\/{rel}","templated":true}]}}