{"id":489,"date":"2025-12-09T20:44:58","date_gmt":"2025-12-09T20:44:58","guid":{"rendered":"https:\/\/saffluidos.com.mx\/wordpress\/?page_id=489"},"modified":"2025-12-15T16:16:04","modified_gmt":"2025-12-15T16:16:04","slug":"nosotros","status":"publish","type":"page","link":"https:\/\/saffluidos.com.mx\/wordpress\/nosotros","title":{"rendered":"NOSOTROS"},"content":{"rendered":"<!--themify_builder_content-->\n<div id=\"themify_builder_content-489\" data-postid=\"489\" class=\"themify_builder_content themify_builder_content-489 themify_builder tf_clear\">\n                    <div  data-lazy=\"1\" class=\"module_row themify_builder_row tb_rysc634 tb_first tf_w\">\n                        <div class=\"row_inner col_align_top tb_col_count_1 tf_box tf_rel\">\n                        <div  data-lazy=\"1\" class=\"module_column tb-column col-full tb_dyzt634 first\">\n                            <div  data-lazy=\"1\" class=\"module_subrow themify_builder_sub_row tf_w col_align_top tb_col_count_2 tb_d9bh74\">\n                <div  data-lazy=\"1\" class=\"module_column sub_column col4-2 tb_p64m74 first\">\n                    <!-- module text -->\n<div  class=\"module module-text tb_3g25295   \" data-lazy=\"1\">\n        <div  class=\"tb_text_wrap\">\n        <p>Somos una empresa joven especializada en sistemas y equipos para <b>manejo y aplicaci\u00f3n de fluidos<\/b>.<\/p>\n<p>Basamos nuestro \u00e9xito en la capacidad y experiencia de nuestra gente de <b>m\u00e1s de 20 a\u00f1os <\/b>en el mercado de <b>Integraci\u00f3n de proyectos y equipos de alta tecnolog\u00eda.<\/b><\/p>\n<p><b>Nuestro negocio, <\/b><u><b>m\u00e1s que vender es el ofrecer soluciones<\/b><\/u><b>.<\/b><\/p>    <\/div>\n<\/div>\n<!-- \/module text -->        <\/div>\n                    <div  data-lazy=\"1\" class=\"module_column sub_column col4-2 tb_uojd74 last\">\n                    <!-- module image -->\n<div  class=\"module module-image tb_i0s876 image-full-overlay   tf_mw\" data-lazy=\"1\">\n        <div class=\"image-wrap tf_rel tf_mw\">\n            <img loading=\"lazy\" decoding=\"async\" width=\"500\" height=\"575\" src=\"https:\/\/saffluidos.com.mx\/wordpress\/wp-content\/uploads\/2025\/12\/SAF_ALFA-fab-1.jpg\" class=\"wp-post-image wp-image-529\" title=\"SAF_ALFA fab-1\" alt=\"SAF_ALFA fab-1\" srcset=\"https:\/\/saffluidos.com.mx\/wordpress\/wp-content\/uploads\/2025\/12\/SAF_ALFA-fab-1.jpg 500w, https:\/\/saffluidos.com.mx\/wordpress\/wp-content\/uploads\/2025\/12\/SAF_ALFA-fab-1-261x300.jpg 261w\" sizes=\"auto, (max-width: 500px) 100vw, 500px\" \/>    \n        <\/div>\n    <!-- \/image-wrap -->\n    \n        <\/div>\n<!-- \/module image -->        <\/div>\n                    <\/div>\n                <\/div>\n                        <\/div>\n        <\/div>\n                        <div  data-lazy=\"1\" class=\"module_row themify_builder_row tb_r8ic594 tf_w\">\n                        <div class=\"row_inner col_align_top tb_col_count_1 tf_box tf_rel\">\n                        <div  data-lazy=\"1\" class=\"module_column tb-column col-full tb_z1bn594 first\">\n                    <!-- module image -->\n<div  class=\"module module-image tb_apii607 image-top   tf_mw\" data-lazy=\"1\">\n        <div class=\"image-wrap tf_rel tf_mw\">\n            <img loading=\"lazy\" decoding=\"async\" width=\"1295\" height=\"580\" src=\"https:\/\/saffluidos.com.mx\/wordpress\/wp-content\/uploads\/2025\/12\/SAF-Modelo-trabajo.png\" class=\"wp-post-image wp-image-635\" title=\"SAF Modelo trabajo\" alt=\"SAF Modelo trabajo\" srcset=\"https:\/\/saffluidos.com.mx\/wordpress\/wp-content\/uploads\/2025\/12\/SAF-Modelo-trabajo.png 1295w, https:\/\/saffluidos.com.mx\/wordpress\/wp-content\/uploads\/2025\/12\/SAF-Modelo-trabajo-300x134.png 300w, https:\/\/saffluidos.com.mx\/wordpress\/wp-content\/uploads\/2025\/12\/SAF-Modelo-trabajo-1024x459.png 1024w, https:\/\/saffluidos.com.mx\/wordpress\/wp-content\/uploads\/2025\/12\/SAF-Modelo-trabajo-768x344.png 768w\" sizes=\"auto, (max-width: 1295px) 100vw, 1295px\" \/>    \n        <\/div>\n    <!-- \/image-wrap -->\n    \n        <\/div>\n<!-- \/module image -->        <\/div>\n                        <\/div>\n        <\/div>\n                        <div  data-parallax-bg=\"desktop\" data-lazy=\"1\" class=\"module_row themify_builder_row tb_ro9t648 tf_w\">\n            <span  class=\"builder_row_cover tf_abs\" data-lazy=\"1\"><\/span>            <div class=\"row_inner col_align_top tb_col_count_1 tf_box tf_rel\">\n                        <div  data-lazy=\"1\" class=\"module_column tb-column col-full tb_l80a648 first\">\n                    <!-- module text -->\n<div  class=\"module module-text tb_f9t2648   \" data-lazy=\"1\">\n        <div  class=\"tb_text_wrap\">\n        <h2 style=\"text-align: center;\">NUESTRA FILOSOF\u00cdA<\/h2>    <\/div>\n<\/div>\n<!-- \/module text -->        <div  data-lazy=\"1\" class=\"module_subrow themify_builder_sub_row tf_w col_align_top tb_col_count_3 tb_vx5x648\">\n                <div  data-lazy=\"1\" class=\"module_column sub_column col3-1 tb_qj43648 first\">\n                    <!-- module image -->\n<div  class=\"module module-image tb_j8yb648 image-center   tf_mw\" data-lazy=\"1\">\n        <div class=\"image-wrap tf_rel tf_mw\">\n            <img loading=\"lazy\" decoding=\"async\" src=\"https:\/\/saffluidos.com.mx\/wordpress\/wp-content\/uploads\/2025\/12\/ICONS_MISSION-165x165.png\" width=\"165\" height=\"165\" class=\"wp-post-image wp-image-533\" title=\"ICONS_MISSION\" alt=\"ICONS_MISSION\" srcset=\"https:\/\/saffluidos.com.mx\/wordpress\/wp-content\/uploads\/2025\/12\/ICONS_MISSION-165x165.png 165w, https:\/\/saffluidos.com.mx\/wordpress\/wp-content\/uploads\/2025\/12\/ICONS_MISSION-300x300.png 300w, https:\/\/saffluidos.com.mx\/wordpress\/wp-content\/uploads\/2025\/12\/ICONS_MISSION-150x150.png 150w, https:\/\/saffluidos.com.mx\/wordpress\/wp-content\/uploads\/2025\/12\/ICONS_MISSION.png 600w\" sizes=\"auto, (max-width: 165px) 100vw, 165px\" \/>    \n        <\/div>\n    <!-- \/image-wrap -->\n    \n        <\/div>\n<!-- \/module image --><!-- module text -->\n<div  class=\"module module-text tb_9mc6648   \" data-lazy=\"1\">\n        <div  class=\"tb_text_wrap\">\n        <h4 style=\"text-align: center;\">MISI\u00d3N<\/h4>    <\/div>\n<\/div>\n<!-- \/module text --><!-- module text -->\n<div  class=\"module module-text tb_dwq0940   \" data-lazy=\"1\">\n        <div  class=\"tb_text_wrap\">\n        <p>Somos una empresa que brinda a la Industria productos de calidad y soluciones innovadoras de la m\u00e1s alta tecnolog\u00eda, con un servicio amable y eficaz que nos diferencia de la competencia, ofreciendo precios competitivos y basando nuestro \u00e9xito en la capacidad y amplia experiencia de nuestros colaboradores.<\/p>    <\/div>\n<\/div>\n<!-- \/module text -->        <\/div>\n                    <div  data-lazy=\"1\" class=\"module_column sub_column col3-1 tb_jsjg648\">\n                    <!-- module image -->\n<div  class=\"module module-image tb_rgxh648 image-center   tf_mw\" data-lazy=\"1\">\n        <div class=\"image-wrap tf_rel tf_mw\">\n            <img loading=\"lazy\" decoding=\"async\" src=\"https:\/\/saffluidos.com.mx\/wordpress\/wp-content\/uploads\/2025\/12\/ICONS_VISION-165x165.png\" width=\"165\" height=\"165\" class=\"wp-post-image wp-image-537\" title=\"ICONS_VISION\" alt=\"ICONS_VISION\" srcset=\"https:\/\/saffluidos.com.mx\/wordpress\/wp-content\/uploads\/2025\/12\/ICONS_VISION-165x165.png 165w, https:\/\/saffluidos.com.mx\/wordpress\/wp-content\/uploads\/2025\/12\/ICONS_VISION-300x300.png 300w, https:\/\/saffluidos.com.mx\/wordpress\/wp-content\/uploads\/2025\/12\/ICONS_VISION-150x150.png 150w, https:\/\/saffluidos.com.mx\/wordpress\/wp-content\/uploads\/2025\/12\/ICONS_VISION.png 600w\" sizes=\"auto, (max-width: 165px) 100vw, 165px\" \/>    \n        <\/div>\n    <!-- \/image-wrap -->\n    \n        <\/div>\n<!-- \/module image --><!-- module text -->\n<div  class=\"module module-text tb_82aq648   \" data-lazy=\"1\">\n        <div  class=\"tb_text_wrap\">\n        <h4 style=\"text-align: center;\">VISI\u00d3N<\/h4>    <\/div>\n<\/div>\n<!-- \/module text --><!-- module text -->\n<div  class=\"module module-text tb_9z8s11   \" data-lazy=\"1\">\n        <div  class=\"tb_text_wrap\">\n        <p>Consolidarnos como la mejor opci\u00f3n en soluciones en aplicaci\u00f3n de fluidos en la industria, ayudando a nuestros clientes a mejorar sus procesos, aumentar su facturaci\u00f3n y\/o disminuir sus costos, siendo as\u00ed reconocidos como una empresa vanguardista, innovadora, confiable, flexible y responsable<\/p>    <\/div>\n<\/div>\n<!-- \/module text -->        <\/div>\n                    <div  data-lazy=\"1\" class=\"module_column sub_column col3-1 tb_kttv648 last\">\n                    <!-- module image -->\n<div  class=\"module module-image tb_1yth648 image-center   tf_mw\" data-lazy=\"1\">\n        <div class=\"image-wrap tf_rel tf_mw\">\n            <img loading=\"lazy\" decoding=\"async\" src=\"https:\/\/saffluidos.com.mx\/wordpress\/wp-content\/uploads\/2025\/12\/ICONS_VALUES-165x165.png\" width=\"165\" height=\"165\" class=\"wp-post-image wp-image-536\" title=\"ICONS_VALUES\" alt=\"ICONS_VALUES\" srcset=\"https:\/\/saffluidos.com.mx\/wordpress\/wp-content\/uploads\/2025\/12\/ICONS_VALUES-165x165.png 165w, https:\/\/saffluidos.com.mx\/wordpress\/wp-content\/uploads\/2025\/12\/ICONS_VALUES-300x300.png 300w, https:\/\/saffluidos.com.mx\/wordpress\/wp-content\/uploads\/2025\/12\/ICONS_VALUES-150x150.png 150w, https:\/\/saffluidos.com.mx\/wordpress\/wp-content\/uploads\/2025\/12\/ICONS_VALUES.png 600w\" sizes=\"auto, (max-width: 165px) 100vw, 165px\" \/>    \n        <\/div>\n    <!-- \/image-wrap -->\n    \n        <\/div>\n<!-- \/module image --><!-- module text -->\n<div  class=\"module module-text tb_5pqk648   \" data-lazy=\"1\">\n        <div  class=\"tb_text_wrap\">\n        <h4 style=\"text-align: center;\">VALORES<\/h4>    <\/div>\n<\/div>\n<!-- \/module text --><!-- module text -->\n<div  class=\"module module-text tb_dipw219   \" data-lazy=\"1\">\n        <div  class=\"tb_text_wrap\">\n        <p style=\"text-align: center;\">Innovaci\u00f3n<br>Enfoque al cliente<br>Responsabilidad<br>Flexibilidad<\/p>    <\/div>\n<\/div>\n<!-- \/module text -->        <\/div>\n                    <\/div>\n                <\/div>\n                        <\/div>\n        <\/div>\n        <\/div>\n<!--\/themify_builder_content-->","protected":false},"excerpt":{"rendered":"<p>Somos una empresa joven especializada en sistemas y equipos para manejo y aplicaci\u00f3n de fluidos. Basamos nuestro \u00e9xito en la capacidad y experiencia de nuestra gente de m\u00e1s de 20 a\u00f1os en el mercado de Integraci\u00f3n de proyectos y equipos de alta tecnolog\u00eda. Nuestro negocio, m\u00e1s que vender es el ofrecer soluciones.<\/p>\n","protected":false},"author":2,"featured_media":0,"parent":0,"menu_order":0,"comment_status":"closed","ping_status":"closed","template":"","meta":{"footnotes":""},"class_list":["post-489","page","type-page","status-publish","hentry","has-post-title","has-post-date","has-post-category","has-post-tag","has-post-comment","has-post-author",""],"builder_content":"<p>Somos una empresa joven especializada en sistemas y equipos para <b>manejo y aplicaci\u00f3n de fluidos<\/b>.<\/p> <p>Basamos nuestro \u00e9xito en la capacidad y experiencia de nuestra gente de <b>m\u00e1s de 20 a\u00f1os <\/b>en el mercado de <b>Integraci\u00f3n de proyectos y equipos de alta tecnolog\u00eda.<\/b><\/p> <p><b>Nuestro negocio, <\/b><u><b>m\u00e1s que vender es el ofrecer soluciones<\/b><\/u><b>.<\/b><\/p>\n<img src=\"https:\/\/saffluidos.com.mx\/wordpress\/wp-content\/uploads\/2025\/12\/SAF_ALFA-fab-1.jpg\" title=\"SAF_ALFA fab-1\" alt=\"SAF_ALFA fab-1\" srcset=\"https:\/\/saffluidos.com.mx\/wordpress\/wp-content\/uploads\/2025\/12\/SAF_ALFA-fab-1.jpg 500w, https:\/\/saffluidos.com.mx\/wordpress\/wp-content\/uploads\/2025\/12\/SAF_ALFA-fab-1-261x300.jpg 261w\" sizes=\"(max-width: 500px) 100vw, 500px\" \/>\n<img src=\"https:\/\/saffluidos.com.mx\/wordpress\/wp-content\/uploads\/2025\/12\/SAF-Modelo-trabajo.png\" title=\"SAF Modelo trabajo\" alt=\"SAF Modelo trabajo\" srcset=\"https:\/\/saffluidos.com.mx\/wordpress\/wp-content\/uploads\/2025\/12\/SAF-Modelo-trabajo.png 1295w, https:\/\/saffluidos.com.mx\/wordpress\/wp-content\/uploads\/2025\/12\/SAF-Modelo-trabajo-300x134.png 300w, https:\/\/saffluidos.com.mx\/wordpress\/wp-content\/uploads\/2025\/12\/SAF-Modelo-trabajo-1024x459.png 1024w, https:\/\/saffluidos.com.mx\/wordpress\/wp-content\/uploads\/2025\/12\/SAF-Modelo-trabajo-768x344.png 768w\" sizes=\"(max-width: 1295px) 100vw, 1295px\" \/>\n<h2 style=\"text-align: center;\">NUESTRA FILOSOF\u00cdA<\/h2>\n<img src=\"https:\/\/saffluidos.com.mx\/wordpress\/wp-content\/uploads\/2025\/12\/ICONS_MISSION-165x165.png\" width=\"165\" height=\"165\" title=\"ICONS_MISSION\" alt=\"ICONS_MISSION\" srcset=\"https:\/\/saffluidos.com.mx\/wordpress\/wp-content\/uploads\/2025\/12\/ICONS_MISSION-165x165.png 165w, https:\/\/saffluidos.com.mx\/wordpress\/wp-content\/uploads\/2025\/12\/ICONS_MISSION-300x300.png 300w, https:\/\/saffluidos.com.mx\/wordpress\/wp-content\/uploads\/2025\/12\/ICONS_MISSION-150x150.png 150w, https:\/\/saffluidos.com.mx\/wordpress\/wp-content\/uploads\/2025\/12\/ICONS_MISSION.png 600w\" sizes=\"(max-width: 165px) 100vw, 165px\" \/>\n<h4 style=\"text-align: center;\">MISI\u00d3N<\/h4>\n<p>Somos una empresa que brinda a la Industria productos de calidad y soluciones innovadoras de la m\u00e1s alta tecnolog\u00eda, con un servicio amable y eficaz que nos diferencia de la competencia, ofreciendo precios competitivos y basando nuestro \u00e9xito en la capacidad y amplia experiencia de nuestros colaboradores.<\/p>\n<img src=\"https:\/\/saffluidos.com.mx\/wordpress\/wp-content\/uploads\/2025\/12\/ICONS_VISION-165x165.png\" width=\"165\" height=\"165\" title=\"ICONS_VISION\" alt=\"ICONS_VISION\" srcset=\"https:\/\/saffluidos.com.mx\/wordpress\/wp-content\/uploads\/2025\/12\/ICONS_VISION-165x165.png 165w, https:\/\/saffluidos.com.mx\/wordpress\/wp-content\/uploads\/2025\/12\/ICONS_VISION-300x300.png 300w, https:\/\/saffluidos.com.mx\/wordpress\/wp-content\/uploads\/2025\/12\/ICONS_VISION-150x150.png 150w, https:\/\/saffluidos.com.mx\/wordpress\/wp-content\/uploads\/2025\/12\/ICONS_VISION.png 600w\" sizes=\"(max-width: 165px) 100vw, 165px\" \/>\n<h4 style=\"text-align: center;\">VISI\u00d3N<\/h4>\n<p>Consolidarnos como la mejor opci\u00f3n en soluciones en aplicaci\u00f3n de fluidos en la industria, ayudando a nuestros clientes a mejorar sus procesos, aumentar su facturaci\u00f3n y\/o disminuir sus costos, siendo as\u00ed reconocidos como una empresa vanguardista, innovadora, confiable, flexible y responsable<\/p>\n<img src=\"https:\/\/saffluidos.com.mx\/wordpress\/wp-content\/uploads\/2025\/12\/ICONS_VALUES-165x165.png\" width=\"165\" height=\"165\" title=\"ICONS_VALUES\" alt=\"ICONS_VALUES\" srcset=\"https:\/\/saffluidos.com.mx\/wordpress\/wp-content\/uploads\/2025\/12\/ICONS_VALUES-165x165.png 165w, https:\/\/saffluidos.com.mx\/wordpress\/wp-content\/uploads\/2025\/12\/ICONS_VALUES-300x300.png 300w, https:\/\/saffluidos.com.mx\/wordpress\/wp-content\/uploads\/2025\/12\/ICONS_VALUES-150x150.png 150w, https:\/\/saffluidos.com.mx\/wordpress\/wp-content\/uploads\/2025\/12\/ICONS_VALUES.png 600w\" sizes=\"(max-width: 165px) 100vw, 165px\" \/>\n<h4 style=\"text-align: center;\">VALORES<\/h4>\n<p style=\"text-align: center;\">Innovaci\u00f3n<br>Enfoque al cliente<br>Responsabilidad<br>Flexibilidad<\/p>","_links":{"self":[{"href":"https:\/\/saffluidos.com.mx\/wordpress\/wp-json\/wp\/v2\/pages\/489","targetHints":{"allow":["GET"]}}],"collection":[{"href":"https:\/\/saffluidos.com.mx\/wordpress\/wp-json\/wp\/v2\/pages"}],"about":[{"href":"https:\/\/saffluidos.com.mx\/wordpress\/wp-json\/wp\/v2\/types\/page"}],"author":[{"embeddable":true,"href":"https:\/\/saffluidos.com.mx\/wordpress\/wp-json\/wp\/v2\/users\/2"}],"replies":[{"embeddable":true,"href":"https:\/\/saffluidos.com.mx\/wordpress\/wp-json\/wp\/v2\/comments?post=489"}],"version-history":[{"count":39,"href":"https:\/\/saffluidos.com.mx\/wordpress\/wp-json\/wp\/v2\/pages\/489\/revisions"}],"predecessor-version":[{"id":1128,"href":"https:\/\/saffluidos.com.mx\/wordpress\/wp-json\/wp\/v2\/pages\/489\/revisions\/1128"}],"wp:attachment":[{"href":"https:\/\/saffluidos.com.mx\/wordpress\/wp-json\/wp\/v2\/media?parent=489"}],"curies":[{"name":"wp","href":"https:\/\/api.w.org\/{rel}","templated":true}]}}