{"id":1105,"date":"2025-12-15T15:58:13","date_gmt":"2025-12-15T15:58:13","guid":{"rendered":"https:\/\/saffluidos.com.mx\/wordpress\/?page_id=1105"},"modified":"2025-12-15T15:59:45","modified_gmt":"2025-12-15T15:59:45","slug":"aviso-de-provacidad","status":"publish","type":"page","link":"https:\/\/saffluidos.com.mx\/wordpress\/aviso-de-provacidad","title":{"rendered":"AVISO DE PRIVACIDAD"},"content":{"rendered":"<!--themify_builder_content-->\n<div id=\"themify_builder_content-1105\" data-postid=\"1105\" class=\"themify_builder_content themify_builder_content-1105 themify_builder tf_clear\">\n                    <div  data-lazy=\"1\" class=\"module_row themify_builder_row tb_ouvk263 tb_first tf_w\">\n                        <div class=\"row_inner col_align_top tb_col_count_1 tf_box tf_rel\">\n                        <div  data-lazy=\"1\" class=\"module_column tb-column col-full tb_s24q263 first\">\n                    <!-- module text -->\n<div  class=\"module module-text tb_4ofw409   \" data-lazy=\"1\">\n        <div  class=\"tb_text_wrap\">\n        <h2 style=\"text-align: center;\">AVISO DE PRIVACIDAD<\/h2>\n<p>Soluciones en Aplicaci\u00f3n de Fluidos S.A. de C.V. (en lo sucesivo, el \u201c<u>Responsable<\/u>\u201d), con domicilio en Canad\u00e1 141, Industrial Unidad Nacional II, Santa Catarina, N.L., en cumplimiento con la Ley Federal de Protecci\u00f3n de Datos Personales en Posesi\u00f3n de Particulares y su Reglamento (en lo sucesivo de\u00a0 manera conjunta, la \u201c<u>Ley<\/u>\u201d), pone a su disposici\u00f3n el presente Aviso de Privacidad, con la finalidad de que conozca de qu\u00e9 manera se usan, divulgan y almacenan sus datos personales y cualquier informaci\u00f3n que se recabe a trav\u00e9s de distintos medios incluyendo nuestro sitio web, a efecto de garantizar la privacidad de dicha informaci\u00f3n y el derecho a la autodeterminaci\u00f3n informativa de las personas. Asimismo, hace de su conocimiento las finalidades por las que el Responsable recaba y trata sus Datos Personales (seg\u00fan dicho t\u00e9rmino se define m\u00e1s adelante).<\/p>\n<p>El Responsable recabar\u00e1 los siguientes datos personales: Nombre, tel\u00e9fono de contacto, correo electr\u00f3nico, empresa (en lo sucesivo, los \u201cDatos Personales\u201d), necesarios para los siguientes fines: crear una base de datos de clientes y\/o personas interesadas en los productos y servicios que ofrecemos y poder brindar respuesta a sus requerimientos.<\/p>\n<p>Asimismo, sus Datos Personales ser\u00e1n utilizados para los siguientes fines secundarios, que nos permiten y facilitan brindarle un mejor servicio y\/o atenci\u00f3n: env\u00edo de informaci\u00f3n sobre la empresa, promociones, descuentos, etc.<\/p>\n<p>El Responsable, conforme a lo establecido por la Ley, hace de su conocimiento, mediante el presente aviso, que sus Datos Personales tambi\u00e9n ser\u00e1n utilizados para fines mercadot\u00e9cnicos, publicitarios y\/o de prospecci\u00f3n comercial.<\/p>\n<p>El Responsable se compromete a que todos los Datos Personales obtenidos ser\u00e1n tratados bajo las m\u00e1s estrictas medidas de seguridad que garanticen su confidencialidad.<\/p>\n<p>Sus Datos Personales ser\u00e1n utilizados exclusivamente para los fines mencionados en el presente Aviso de Privacidad. En caso de que usted no desee que se traten sus Datos Personales para los fines que no sean estrictamente necesarios para brindarle el servicio y\/o atenci\u00f3n solicitados, entre ellos publicidad o env\u00edo de ofertas, usted lo podr\u00e1 comunicar al Responsable a trav\u00e9s dela siguiente informaci\u00f3n de contacto: Tel. 81 8309 5258 y 81 8259 6467, correo electr\u00f3nico <a href=\"mailto:diana@saffluidos.com\">diana@saffluidos.com<\/a> y <a href=\"mailto:sergio@saffluidos.com\">sergio@saffluidos.com<\/a> en horario de L &#8211; V de 8:30 a 13:00 y de 14:00 a 18:00.<\/p>\n<p>De conformidad con la Ley, requerimos de su consentimiento expreso para el tratamiento de sus Datos Personales sensibles as\u00ed como de car\u00e1cter financiero y patrimonial, salvo por las excepciones que establece la Ley. Si usted manifiesta su consentimiento para el tratamiento de sus Datos Personales sensibles as\u00ed como de car\u00e1cter financiero y patrimonial, el Responsable se compromete a no tratar estos Datos Personales para finalidades distintas de las establecidas en este Aviso de Privacidad.<\/p>\n<p>Usted tiene derecho de acceder a sus Datos Personales que poseemos y a los detalles de su tratamiento, as\u00ed como a rectificarlos en caso de ser inexactos o incompletos, o bien, cancelarlos cuando considere que no se requieren para alguna de las finalidades se\u00f1aladas en el presente Aviso de Privacidad, est\u00e9n siendo utilizados para finalidades no consentidas o haya finalizado la relaci\u00f3n contractual o de servicio, o bien, oponerse al tratamiento de los mismos para fines espec\u00edficos (en lo sucesivo, los \u201cDerechos ARCO\u201d).<\/p>\n<p>Para el ejercicio de los Derechos ARCO, usted deber\u00e1 presentar la solicitud respectiva, a trav\u00e9s de la siguiente informaci\u00f3n de contacto: Tel. 81 8309 5258 y 81 8259 6467, correo electr\u00f3nico <a href=\"mailto:diana@saffluidos.com\">diana@saffluidos.com<\/a> y <a href=\"mailto:sergio@saffluidos.com\">sergio@saffluidos.com<\/a> en horario de L &#8211; V de 8:30 a 13:00 y de 14:00 a 18:00.<\/p>\n<p>La solicitud que presente para el ejercicio de los Derechos ARCO deber\u00e1 indicar su nombre y el domicilio o correo electr\u00f3nico en el que se desea recibir toda la informaci\u00f3n relacionada con el tr\u00e1mite, adem\u00e1s de estar acompa\u00f1ada del o los documentos con los que se acredite su identidad o la personalidad de su representante legal. Asimismo, le agradeceremos incluir una descripci\u00f3n clara y precisa de los datos respecto de los que se busca ejercer alguno de los Derechos ARCO y de cualquier otro elemento que nos permita identificar o localizar los Datos Personales en cuesti\u00f3n.\u00a0Cuando se trate de \u201crectificaci\u00f3n\u201d de sus Datos Personales, deber\u00e1 indicarnos tambi\u00e9n cu\u00e1l es la modificaci\u00f3n exacta que busca realizar y presentar la documentaci\u00f3n que soporte la petici\u00f3n.<\/p>\n<p>Adicionalmente, por su protecci\u00f3n y beneficio, es posible que le solicitemos documentaci\u00f3n adicional que nos permita identificar con plenitud los Datos Personales que desee acceder, rectificar y\/o cancelar, o aquellos respecto de los cuales usted desee oponerse a su tratamiento. El Responsable procurar\u00e1 que los Datos Personales contenidos en las bases de datos sean pertinentes, correctos y actualizados para los fines para los cuales fueron recabados y cuando hayan dejado de ser necesarios para el cumplimiento de las finalidades previstas, deber\u00e1n ser cancelados. No obstante lo anterior, es posible que el Responsable no pueda cancelar o bloquear sus Datos Personales de conformidad con lo dispuesto por la Ley.<\/p>\n<p>Una vez recibida su solicitud completa y debidamente integrada, el Responsable le comunicar\u00e1 la respuesta correspondiente en un plazo m\u00e1ximo de 10 d\u00edas h\u00e1biles. Si resultare procedente, dentro de los siguientes 15 d\u00edas h\u00e1biles podr\u00e1 hacer efectivo el derecho solicitado. En caso de que el Responsable deba hacer entrega de documentaci\u00f3n como resultado del derecho ejercido, lo har\u00e1 a trav\u00e9s de copias que le ser\u00e1n enviadas por correo electr\u00f3nico o las pondr\u00e1 a su disposici\u00f3n en el domicilio que al efecto le indique, dentro del plazo antes mencionado, para que usted pueda recogerlas directamente o a trav\u00e9s de tercero facultado mediante carta poder.<\/p>\n<p>Usted puede en cualquier momento revocar el consentimiento que nos ha otorgado para impedir total o parcialmente el tratamiento de sus Datos Personales, sin embargo, es importante que tenga en cuenta que no en todos los casos podremos atender su solicitud o concluir el uso de forma inmediata, ya que es posible que por alguna obligaci\u00f3n legal el Responsable requiera seguir tratando sus Datos Personales. Asimismo, usted deber\u00e1 considerar que para ciertos fines, la revocaci\u00f3n de su consentimiento implicar\u00e1 que no le podamos seguir prestando el servicio y\/o atenci\u00f3n solicitada, o la conclusi\u00f3n de su relaci\u00f3n con el Responsable.\u00a0 En caso de que desee revocar su consentimiento al tratamiento de sus Datos Personales, deber\u00e1 presentar su solicitud ante el Responsable acompa\u00f1ada de copia de su identificaci\u00f3n oficial para acreditar que es el titular de los Datos Personales (en su caso, la autorizaci\u00f3n de su representante legal), y se\u00f1alar el correo electr\u00f3nico o domicilio al que se desea recibir la informaci\u00f3n relacionada con el tr\u00e1mite, una descripci\u00f3n clara y precisa de los Datos Personales respecto de los cuales requiere revocar su consentimiento y los datos que nos permitan notificarle la resoluci\u00f3n reca\u00edda a su solicitud. El Responsable le notificar\u00e1 la resoluci\u00f3n correspondiente a su solicitud dentro de los 10 d\u00edas h\u00e1biles siguientes a la presentaci\u00f3n de su solicitud, siempre que \u00e9sta se encuentre completa y debidamente integrada.<\/p>\n<p>Con el objeto de que usted pueda limitar el uso y divulgaci\u00f3n de su informaci\u00f3n personal, puede inscribirse en el Registro P\u00fablico para Evitar Publicidad, que est\u00e1 a cargo de la Procuradur\u00eda Federal del Consumidor (PROFECO), con la finalidad de que sus Datos Personales no sean utilizados para recibir publicidad o promociones, para mayor informaci\u00f3n sobre este registro, usted puede consultar el portal de Internet de la PROFECO.<\/p>\n<p>El Responsable, por medio del presente Aviso de Privacidad, le informa que en su p\u00e1gina de Internet utiliza cookies y\/u otras tecnolog\u00edas a trav\u00e9s de las cuales es posible monitorear su comportamiento como usuario de Internet, brindarle un mejor servicio y experiencia de usuario al navegar en nuestra p\u00e1gina, as\u00ed como ofrecerle nuevos productos y servicios basados en sus preferencias. Estas tecnolog\u00edas pueden deshabilitarse siguiendo los pasos que para dichos fines se establecen en nuestra p\u00e1gina de Internet.<\/p>\n<p>En cualquier momento el Responsable puede hacer modificaciones o actualizaciones al presente Aviso de Privacidad derivadas de nuevos requerimientos legales, de las pol\u00edticas o pr\u00e1cticas de privacidad del Responsable o de sus necesidades derivadas de los productos o servicios que ofrece, o por cualquier otra causa.<\/p>\n<p>El Responsable har\u00e1 de su conocimiento cualquier cambio o actualizaci\u00f3n al presente aviso a trav\u00e9s de mediante el correo electr\u00f3nico que se nos proporcione.<\/p>    <\/div>\n<\/div>\n<!-- \/module text -->        <\/div>\n                        <\/div>\n        <\/div>\n        <\/div>\n<!--\/themify_builder_content-->\n\n\n<p><\/p>","protected":false},"excerpt":{"rendered":"","protected":false},"author":2,"featured_media":0,"parent":0,"menu_order":0,"comment_status":"closed","ping_status":"closed","template":"","meta":{"footnotes":""},"class_list":["post-1105","page","type-page","status-publish","hentry","has-post-title","has-post-date","has-post-category","has-post-tag","has-post-comment","has-post-author",""],"builder_content":"<h2 style=\"text-align: center;\">AVISO DE PRIVACIDAD<\/h2> <p>Soluciones en Aplicaci\u00f3n de Fluidos S.A. de C.V. (en lo sucesivo, el \u201c<u>Responsable<\/u>\u201d), con domicilio en Canad\u00e1 141, Industrial Unidad Nacional II, Santa Catarina, N.L., en cumplimiento con la Ley Federal de Protecci\u00f3n de Datos Personales en Posesi\u00f3n de Particulares y su Reglamento (en lo sucesivo de\u00a0 manera conjunta, la \u201c<u>Ley<\/u>\u201d), pone a su disposici\u00f3n el presente Aviso de Privacidad, con la finalidad de que conozca de qu\u00e9 manera se usan, divulgan y almacenan sus datos personales y cualquier informaci\u00f3n que se recabe a trav\u00e9s de distintos medios incluyendo nuestro sitio web, a efecto de garantizar la privacidad de dicha informaci\u00f3n y el derecho a la autodeterminaci\u00f3n informativa de las personas. Asimismo, hace de su conocimiento las finalidades por las que el Responsable recaba y trata sus Datos Personales (seg\u00fan dicho t\u00e9rmino se define m\u00e1s adelante).<\/p> <p>El Responsable recabar\u00e1 los siguientes datos personales: Nombre, tel\u00e9fono de contacto, correo electr\u00f3nico, empresa (en lo sucesivo, los \u201cDatos Personales\u201d), necesarios para los siguientes fines: crear una base de datos de clientes y\/o personas interesadas en los productos y servicios que ofrecemos y poder brindar respuesta a sus requerimientos.<\/p> <p>Asimismo, sus Datos Personales ser\u00e1n utilizados para los siguientes fines secundarios, que nos permiten y facilitan brindarle un mejor servicio y\/o atenci\u00f3n: env\u00edo de informaci\u00f3n sobre la empresa, promociones, descuentos, etc.<\/p> <p>El Responsable, conforme a lo establecido por la Ley, hace de su conocimiento, mediante el presente aviso, que sus Datos Personales tambi\u00e9n ser\u00e1n utilizados para fines mercadot\u00e9cnicos, publicitarios y\/o de prospecci\u00f3n comercial.<\/p> <p>El Responsable se compromete a que todos los Datos Personales obtenidos ser\u00e1n tratados bajo las m\u00e1s estrictas medidas de seguridad que garanticen su confidencialidad.<\/p> <p>Sus Datos Personales ser\u00e1n utilizados exclusivamente para los fines mencionados en el presente Aviso de Privacidad. En caso de que usted no desee que se traten sus Datos Personales para los fines que no sean estrictamente necesarios para brindarle el servicio y\/o atenci\u00f3n solicitados, entre ellos publicidad o env\u00edo de ofertas, usted lo podr\u00e1 comunicar al Responsable a trav\u00e9s dela siguiente informaci\u00f3n de contacto: Tel. 81 8309 5258 y 81 8259 6467, correo electr\u00f3nico <a href=\"mailto:diana@saffluidos.com\">diana@saffluidos.com<\/a> y <a href=\"mailto:sergio@saffluidos.com\">sergio@saffluidos.com<\/a> en horario de L - V de 8:30 a 13:00 y de 14:00 a 18:00.<\/p> <p>De conformidad con la Ley, requerimos de su consentimiento expreso para el tratamiento de sus Datos Personales sensibles as\u00ed como de car\u00e1cter financiero y patrimonial, salvo por las excepciones que establece la Ley. Si usted manifiesta su consentimiento para el tratamiento de sus Datos Personales sensibles as\u00ed como de car\u00e1cter financiero y patrimonial, el Responsable se compromete a no tratar estos Datos Personales para finalidades distintas de las establecidas en este Aviso de Privacidad.<\/p> <p>Usted tiene derecho de acceder a sus Datos Personales que poseemos y a los detalles de su tratamiento, as\u00ed como a rectificarlos en caso de ser inexactos o incompletos, o bien, cancelarlos cuando considere que no se requieren para alguna de las finalidades se\u00f1aladas en el presente Aviso de Privacidad, est\u00e9n siendo utilizados para finalidades no consentidas o haya finalizado la relaci\u00f3n contractual o de servicio, o bien, oponerse al tratamiento de los mismos para fines espec\u00edficos (en lo sucesivo, los \u201cDerechos ARCO\u201d).<\/p> <p>Para el ejercicio de los Derechos ARCO, usted deber\u00e1 presentar la solicitud respectiva, a trav\u00e9s de la siguiente informaci\u00f3n de contacto: Tel. 81 8309 5258 y 81 8259 6467, correo electr\u00f3nico <a href=\"mailto:diana@saffluidos.com\">diana@saffluidos.com<\/a> y <a href=\"mailto:sergio@saffluidos.com\">sergio@saffluidos.com<\/a> en horario de L - V de 8:30 a 13:00 y de 14:00 a 18:00.<\/p> <p>La solicitud que presente para el ejercicio de los Derechos ARCO deber\u00e1 indicar su nombre y el domicilio o correo electr\u00f3nico en el que se desea recibir toda la informaci\u00f3n relacionada con el tr\u00e1mite, adem\u00e1s de estar acompa\u00f1ada del o los documentos con los que se acredite su identidad o la personalidad de su representante legal. Asimismo, le agradeceremos incluir una descripci\u00f3n clara y precisa de los datos respecto de los que se busca ejercer alguno de los Derechos ARCO y de cualquier otro elemento que nos permita identificar o localizar los Datos Personales en cuesti\u00f3n.\u00a0Cuando se trate de \u201crectificaci\u00f3n\u201d de sus Datos Personales, deber\u00e1 indicarnos tambi\u00e9n cu\u00e1l es la modificaci\u00f3n exacta que busca realizar y presentar la documentaci\u00f3n que soporte la petici\u00f3n.<\/p> <p>Adicionalmente, por su protecci\u00f3n y beneficio, es posible que le solicitemos documentaci\u00f3n adicional que nos permita identificar con plenitud los Datos Personales que desee acceder, rectificar y\/o cancelar, o aquellos respecto de los cuales usted desee oponerse a su tratamiento. El Responsable procurar\u00e1 que los Datos Personales contenidos en las bases de datos sean pertinentes, correctos y actualizados para los fines para los cuales fueron recabados y cuando hayan dejado de ser necesarios para el cumplimiento de las finalidades previstas, deber\u00e1n ser cancelados. No obstante lo anterior, es posible que el Responsable no pueda cancelar o bloquear sus Datos Personales de conformidad con lo dispuesto por la Ley.<\/p> <p>Una vez recibida su solicitud completa y debidamente integrada, el Responsable le comunicar\u00e1 la respuesta correspondiente en un plazo m\u00e1ximo de 10 d\u00edas h\u00e1biles. Si resultare procedente, dentro de los siguientes 15 d\u00edas h\u00e1biles podr\u00e1 hacer efectivo el derecho solicitado. En caso de que el Responsable deba hacer entrega de documentaci\u00f3n como resultado del derecho ejercido, lo har\u00e1 a trav\u00e9s de copias que le ser\u00e1n enviadas por correo electr\u00f3nico o las pondr\u00e1 a su disposici\u00f3n en el domicilio que al efecto le indique, dentro del plazo antes mencionado, para que usted pueda recogerlas directamente o a trav\u00e9s de tercero facultado mediante carta poder.<\/p> <p>Usted puede en cualquier momento revocar el consentimiento que nos ha otorgado para impedir total o parcialmente el tratamiento de sus Datos Personales, sin embargo, es importante que tenga en cuenta que no en todos los casos podremos atender su solicitud o concluir el uso de forma inmediata, ya que es posible que por alguna obligaci\u00f3n legal el Responsable requiera seguir tratando sus Datos Personales. Asimismo, usted deber\u00e1 considerar que para ciertos fines, la revocaci\u00f3n de su consentimiento implicar\u00e1 que no le podamos seguir prestando el servicio y\/o atenci\u00f3n solicitada, o la conclusi\u00f3n de su relaci\u00f3n con el Responsable.\u00a0 En caso de que desee revocar su consentimiento al tratamiento de sus Datos Personales, deber\u00e1 presentar su solicitud ante el Responsable acompa\u00f1ada de copia de su identificaci\u00f3n oficial para acreditar que es el titular de los Datos Personales (en su caso, la autorizaci\u00f3n de su representante legal), y se\u00f1alar el correo electr\u00f3nico o domicilio al que se desea recibir la informaci\u00f3n relacionada con el tr\u00e1mite, una descripci\u00f3n clara y precisa de los Datos Personales respecto de los cuales requiere revocar su consentimiento y los datos que nos permitan notificarle la resoluci\u00f3n reca\u00edda a su solicitud. El Responsable le notificar\u00e1 la resoluci\u00f3n correspondiente a su solicitud dentro de los 10 d\u00edas h\u00e1biles siguientes a la presentaci\u00f3n de su solicitud, siempre que \u00e9sta se encuentre completa y debidamente integrada.<\/p> <p>Con el objeto de que usted pueda limitar el uso y divulgaci\u00f3n de su informaci\u00f3n personal, puede inscribirse en el Registro P\u00fablico para Evitar Publicidad, que est\u00e1 a cargo de la Procuradur\u00eda Federal del Consumidor (PROFECO), con la finalidad de que sus Datos Personales no sean utilizados para recibir publicidad o promociones, para mayor informaci\u00f3n sobre este registro, usted puede consultar el portal de Internet de la PROFECO.<\/p> <p>El Responsable, por medio del presente Aviso de Privacidad, le informa que en su p\u00e1gina de Internet utiliza cookies y\/u otras tecnolog\u00edas a trav\u00e9s de las cuales es posible monitorear su comportamiento como usuario de Internet, brindarle un mejor servicio y experiencia de usuario al navegar en nuestra p\u00e1gina, as\u00ed como ofrecerle nuevos productos y servicios basados en sus preferencias. Estas tecnolog\u00edas pueden deshabilitarse siguiendo los pasos que para dichos fines se establecen en nuestra p\u00e1gina de Internet.<\/p> <p>En cualquier momento el Responsable puede hacer modificaciones o actualizaciones al presente Aviso de Privacidad derivadas de nuevos requerimientos legales, de las pol\u00edticas o pr\u00e1cticas de privacidad del Responsable o de sus necesidades derivadas de los productos o servicios que ofrece, o por cualquier otra causa.<\/p> <p>El Responsable har\u00e1 de su conocimiento cualquier cambio o actualizaci\u00f3n al presente aviso a trav\u00e9s de mediante el correo electr\u00f3nico que se nos proporcione.<\/p>","_links":{"self":[{"href":"https:\/\/saffluidos.com.mx\/wordpress\/wp-json\/wp\/v2\/pages\/1105","targetHints":{"allow":["GET"]}}],"collection":[{"href":"https:\/\/saffluidos.com.mx\/wordpress\/wp-json\/wp\/v2\/pages"}],"about":[{"href":"https:\/\/saffluidos.com.mx\/wordpress\/wp-json\/wp\/v2\/types\/page"}],"author":[{"embeddable":true,"href":"https:\/\/saffluidos.com.mx\/wordpress\/wp-json\/wp\/v2\/users\/2"}],"replies":[{"embeddable":true,"href":"https:\/\/saffluidos.com.mx\/wordpress\/wp-json\/wp\/v2\/comments?post=1105"}],"version-history":[{"count":9,"href":"https:\/\/saffluidos.com.mx\/wordpress\/wp-json\/wp\/v2\/pages\/1105\/revisions"}],"predecessor-version":[{"id":1114,"href":"https:\/\/saffluidos.com.mx\/wordpress\/wp-json\/wp\/v2\/pages\/1105\/revisions\/1114"}],"wp:attachment":[{"href":"https:\/\/saffluidos.com.mx\/wordpress\/wp-json\/wp\/v2\/media?parent=1105"}],"curies":[{"name":"wp","href":"https:\/\/api.w.org\/{rel}","templated":true}]}}